)/(-18). Let u = t + -33. Let p = u - -1. List the prime factors of p.
47
Let c(g) = -37*g**3 + 5*g**2 + 49*g + 80. List the prime factors of c(-6).
2, 23, 173
Suppose 2 - 8 = 2*i. Let n = 515 + -516. List the prime factors of (i - -2) + n + 15.
13
Let g = 19 + -19. Suppose 4 = 4*o, -3*l + o + 79 + 274 = g. Suppose -62 = -4*d + l. List the prime factors of d.
3, 5
Let d = -1370 - -24657. What are the prime factors of d?
11, 29, 73
Let p(m) = 172*m**2 + 137*m - 1651. List the prime factors of p(12).
11, 2251
Suppose 7472*i = 7440*i + 1983648. List the prime factors of i.
3, 20663
What are the prime factors of (0 + (-100)/(-30))/(5/11970)?
2, 3, 5, 7, 19
Let z = -6565 + 37602. What are the prime factors of z?
41, 757
Let x(w) = -637*w**3 + 35*w**2 + 201*w + 22. What are the prime factors of x(-5)?
131, 607
Suppose -25*g = g - 52. Suppose 15*u - 12563 = -g*u. What are the prime factors of u?
739
Let g(q) = q. Let x be g(6). Let j be 15861/15 + x/(-15). Suppose -367 + j = 6*l. What are the prime factors of l?
5, 23
Suppose 297*a + 1616895 = 710*a. List the prime factors of a.
3, 5, 29
Let h be (-2)/2 + 2 - (-32)/16. Let p be 3*h/(-9) + 532. Suppose -6*w + p = -3*w. What are the prime factors of w?
3, 59
Suppose 0 = 5*q - 704 - 896. Suppose -2*f - 2*j = -12, -j + 4*j = 2*f + 3. Suppose t - f*h - 10 - 90 = 0, -q = -3*t - h. What are the prime factors of t?
2, 53
Let k(x) = 32*x**2 + 272*x - 473. What are the prime factors of k(-39)?
37591
Let c be (17 - -3)*12/16. Suppose 4*z + 91 = y, -2*y = y + c. What are the prime factors of (z/5)/(((-24)/(-390))/(-2))?
2, 3, 13
Let n = -286 - -190. Let f = 93 + n. List the prime factors of f/((-6)/(-2))*(-1845)/9.
5, 41
Let g be 1240/20 + -1 + 6. Suppose -70*r + g*r + 771 = 0. What are the prime factors of r?
257
Let i = -4907 - -7121. List the prime factors of i.
2, 3, 41
Suppose 10*r = -5*j + 15*r + 80, -5*r = 20. List the prime factors of 1204 - 42/(-6 + j).
3, 7, 19
Let v = 11454 + 11750. What are the prime factors of v?
2, 5801
Let g be 0 + 13/1 + 1. Let r(a) = 11*a**3 + 19*a**2 - 23*a - 21. Let m(j) = 3*j**3 + j**2 - j - 1. Let w(z) = 4*m(z) - r(z). List the prime factors of w(g).
3, 29
Let a(v) = v**3 + 12*v**2 - 104*v + 4. List the prime factors of a(-16).
2, 7, 23
Let y(l) = -12249*l + 13. List the prime factors of y(-1).
2, 6131
Let h = 5084 + 30852. List the prime factors of h.
2, 1123
Suppose 3*t = 2*p - 3324 - 29764, -t = 2*p - 33072. List the prime factors of p.
2, 8269
Let b(s) = s**2 + 4. Let m = -28 - -58. Suppose m = 3*y + 9. What are the prime factors of b(y)?
53
Let q = 894 + -619. Let n(i) = 49*i - 4. Let a be n(-3). Let t = q + a. List the prime factors of t.
2, 31
Suppose 7*q = -909 + 124655. List the prime factors of q.
2, 8839
List the prime factors of (338 + 2)*(2 - (-58)/5).
2, 17
Suppose -i - 2360 = -8033. List the prime factors of i.
3, 31, 61
Let q(o) = 54*o - 365. Let d(n) = n**3 + 9*n**2 - n - 2. Let p be d(-9). What are the prime factors of q(p)?
13
Suppose -3080*q = -3091*q + 83721. List the prime factors of q.
3, 43, 59
Suppose 5195 + 21685 = 16*t. Let x = t - 843. List the prime factors of x.
3, 31
Let j be (-12)/(-2) - (-2 - -3). Suppose -j*d = -d. Suppose 5*r + 4*q - 514 = 0, 2*q + 2*q + 16 = d. List the prime factors of r.
2, 53
List the prime factors of (33/((-165)/(-530)))/(2*1/501).
3, 53, 167
Suppose 3*f - 60 = 5*t + 2*f, 5*t - 4*f = -60. What are the prime factors of 2 + (-4563)/t + 2/(-8)?
2, 191
Let s = -136 - -140. Let k(o) = 55*o - 87. What are the prime factors of k(s)?
7, 19
What are the prime factors of 28/9*(-54)/(-72)*3192?
2, 7, 19
Let m(a) = 78*a**3 - 2*a**2 + 3*a - 1. Let j be m(1). Let w = j - -35. Suppose 0 = -u - 15 + w. What are the prime factors of u?
2, 7
Let l be (-2)/((80/(-15))/8). List the prime factors of ((-498)/4*1)/(l/(-6)).
3, 83
Let h(n) = -n**3 + 4*n**2 + 7*n + 2. Let f be h(-3). Suppose 47*b = f*b - 12. List the prime factors of b/8 + -1473*(-3)/18.
5, 7
Suppose -2*r + 8432 = 2*g - 0*r, 4*r = 3*g - 12634. What are the prime factors of g?
2, 7, 43
Let c = -19143 + 26894. List the prime factors of c.
23, 337
Let t be 3 + (-3)/(-1)*1522. Let f = t + -2955. List the prime factors of f.
2, 3, 269
Let v be 2260/75 - (-22)/(-165). What are the prime factors of v/90*(2798 - -1)?
3, 311
Let o = -3030 - -2151. Suppose -j = -4*d + 27, d + 5 = 4*j + 38. What are the prime factors of (-1)/j - o/21?
2, 3, 7
Suppose -19848*l + 19850*l = 36414. List the prime factors of l.
3, 7, 17
Let n(y) = y**3 - 4*y**2 + 4*y - 3. Let z be n(4). Suppose -5 = -o - z. What are the prime factors of ((-7)/3)/(o/360)?
3, 5, 7
Suppose 67*v + 8*v + 36*v = 1413030. List the prime factors of v.
2, 5, 19, 67
Let i(c) = -c**3 - 6*c**2 + 10*c + 16. Let l be i(-7). Let d be (-45)/75 + (-23)/l. List the prime factors of 414/d + (-5)/10.
103
Suppose 8*l = 5713 + 4703. Suppose 8*c - l - 1098 = 0. List the prime factors of c.
2, 3, 5
Suppose 4*d = 6*d - 5*q - 43, -3*d + 4*q + 47 = 0. Suppose -3*f + 486 = 3*v, 7*v = f + d*v - 158. List the prime factors of f.
2, 83
Suppose 3*r = 67 - 10. Suppose r = 4*t + 3. Suppose -t*b - a = -364, -3*b + b + 182 = a. What are the prime factors of b?
7, 13
Suppose -3*u = -3*t + 1014, -u - 169 - 165 = -5*t. Let m = -104 - u. Suppose 5*n - n + 5*g - 188 = 0, g = 5*n - m. List the prime factors of n.
47
Let n = -21 - -25. Suppose -d = -2*q + q + n, 3*d + 24 = -3*q. List the prime factors of (474/(-5))/d + (-1)/(-5).
2
Let i(r) = 2*r**3 - 4*r**2 + r. Suppose 36 = 25*n - 19*n. List the prime factors of i(n).
2, 3, 7
Let o be (2/4)/(20/1560). Suppose 0 = 2*x - 47 - o. List the prime factors of x.
43
Suppose -78*n - 44*n + 809883 = -35*n. What are the prime factors of n?
3, 29, 107
Suppose 218 = -16*j + 170. What are the prime factors of -1 + (j - -4) + 860?
2, 5, 43
Let u(f) = 1040*f + 8434. What are the prime factors of u(68)?
2, 19, 2083
Let h = 65 - 57. Suppose -h*o + 72 = -664. List the prime factors of o.
2, 23
Let p be (-68)/(-6)*(35 - -7). Suppose -3*n - p = -7*n. List the prime factors of n.
7, 17
Suppose 0 = 8933*w - 8931*w - 33450. What are the prime factors of w?
3, 5, 223
Let j = 36 - 54. Let i = j - -26. Suppose i*q - 590 = 402. What are the prime factors of q?
2, 31
Suppose -x - 1946 = 1050*v - 1051*v, 5*v - 2*x = 9733. What are the prime factors of v?
3, 11, 59
Let y be 3/(-9) + 38450/(-30). Let f = -859 - y. List the prime factors of f.
3, 47
Let r be (-1)/2 - (-28)/8. Suppose -3*y - 6 = -s - 23, 4*y + 4 = -4*s. Suppose y*n - r*h = h + 316, 0 = -n + 4*h + 64. List the prime factors of n.
2, 3, 7
Suppose -2*g + 49552 = 4*y, -5*g - 738 - 11628 = -y. List the prime factors of y.
2, 11, 563
Let n be (-13 - -17)*(3/(-2))/(-3). Suppose -6*z + 4*z - n*k = -574, 3*z - 851 = 2*k. What are the prime factors of z?
3, 5, 19
Let j(a) = 2*a**3 - 8*a**2 - 11*a + 28. Suppose -30 = -2*b - 2*b - 2*f, -2*b + 3*f = -35. What are the prime factors of j(b)?
2, 13, 43
Let i = 487 - 127. Let x = -692 - -1757. Suppose -x = -5*k - i. List the prime factors of k.
3, 47
Let s(o) = -o + 158. Let v(n) = 6*n. Let r(x) = -x. Let z(m) = 3*r(m) + v(m). Let j be z(0). List the prime factors of s(j).
2, 79
Let r = 2053 + -2230. Let o be ((-121)/3)/((-1)/(-3)). Let p = o - r. What are the prime factors of p?
2, 7
Suppose 0 = -5*q + 3*q + 4. Suppose q*x - 38 = -4*n, 5*x - 2*n - 84 = 59. List the prime factors of (x/6)/(-9)*-122.
61
Let l be 12/66 + 2/(-11). Suppose l = 4*a - a - 75. Suppose 0 = -5*u - a, -5*s = 4*u - 0*u - 100. What are the prime factors of s?
2, 3
Let i(h) = -5*h**3 - 16*h**2 + 2*h + 10. Let y be i(-3). List the prime factors of 26*(5 + 3/(y + 11)).
11, 13
List the prime factors of ((-4)/12)/((-14)/177366).
41, 103
What are the prime factors of 19479614/693 - 16/(-18)?
2, 3, 5, 937
Suppose 3*z = 32*z + 104074 - 1830531. List the prime factors of z.
37, 1609
Suppose 25*r - 22*r - 30*r = -1001511. What are the prime factors of r?
7, 757
Let h(q) be the second derivative of -q**5/20 - 3*q**4/4 + 5*q**3/6 - 15*q**2/2 - 30*q. Let v be ((-8)/(-10))/((-24)/300). What are the prime factors of h(v)?
5, 7
Let s(d) = -19*d - 21. Let h be s(-14). Suppose -h = -8*j + j. List the prime factors of j.
5, 7
Suppose -277*d + 95441 = 3*i - 279*d, -i + 5*d = -31818. List the 